
2, 3, 5, 13, 60793
What are the prime factors of 12619571?
23, 548677
What are the prime factors of 101288303?
73, 83, 229
What are the prime factors of 883621778?
2, 13, 137, 359, 691
What are the prime factors of 119361728?
2, 1865027
List the prime factors of 193036521.
3, 479, 134333
List the prime factors of 989638894.
2, 23, 41, 43, 12203
What are the prime factors of 104149617?
3, 11, 13, 242773
List the prime factors of 53613461.
11, 17, 286703
List the prime factors of 651147494.
2, 47, 6927101
List the prime factors of 2149243334.
2, 7, 83, 179, 10333
List the prime factors of 2200014953.
45599, 48247
What are the prime factors of 465920681?
619, 752699
What are the prime factors of 180497987?
3061, 58967
List the prime factors of 61869100.
2, 5, 199, 3109
List the prime factors of 57945015.
3, 5, 229, 5623
List the prime factors of 699230650.
2, 5, 1789, 7817
List the prime factors of 160432422.
2, 3, 26738737
List the prime factors of 1062719978.
2, 531359989
List the prime factors of 114954174.
2, 3, 2128781
What are the prime factors of 47750262?
2, 3, 7, 607, 1873
List the prime factors of 318306267.
3, 3929707
List the prime factors of 2775992850.
2, 3, 5, 79, 26029
What are the prime factors of 140483321?
11, 19, 672169
List the prime factors of 1131760911.
3, 377253637
List the prime factors of 2309786403.
3, 29, 26549269
List the prime factors of 4586902032.
2, 3, 4723, 20233
List the prime factors of 175241701.
1471, 119131
What are the prime factors of 56902305?
3, 5, 3793487
List the prime factors of 13770055.
5, 13, 41, 5167
What are the prime factors of 39536936?
2, 991, 4987
What are the prime factors of 256018782?
2, 3, 42669797
List the prime factors of 717523829.
11, 29, 204481
What are the prime factors of 6813693853?
6813693853
What are the prime factors of 9092221?
43, 353, 599
List the prime factors of 232557688.
2, 11, 17, 155453
What are the prime factors of 3410452714?
2, 3947, 432031
What are the prime factors of 1465757167?
7, 1879, 111439
What are the prime factors of 84831925?
5, 113, 30029
What are the prime factors of 10527523?
2707, 3889
What are the prime factors of 49361337?
3, 5484593
What are the prime factors of 26636780?
2, 5, 43, 47, 659
What are the prime factors of 386261830?
2, 5, 19, 751, 2707
What are the prime factors of 21934298?
2, 31, 281, 1259
List the prime factors of 4850113615.
5, 23, 191, 220811
List the prime factors of 2256038264.
2, 19, 14842357
List the prime factors of 28034824.
2, 347, 10099
List the prime factors of 45691505.
5, 709, 12889
List the prime factors of 54740879.
107, 431, 1187
What are the prime factors of 333288049?
333288049
What are the prime factors of 111708295?
5, 22341659
List the prime factors of 1103040500.
2, 5, 2206081
List the prime factors of 508178120.
2, 5, 12704453
What are the prime factors of 147337674?
2, 3, 11, 17, 131317
List the prime factors of 154309778.
2, 7, 1193, 9239
List the prime factors of 59012546.
2, 29506273
List the prime factors of 293371066.
2, 239, 613747
What are the prime factors of 70817757?
3, 197, 119827
What are the prime factors of 13470010?
2, 5, 1347001
What are the prime factors of 2512418737?
2512418737
What are the prime factors of 258582674?
2, 7, 359, 51449
List the prime factors of 50024340.
2, 3, 5, 19, 14627
List the prime factors of 316508181.
3, 11, 9591157
List the prime factors of 1893104122.
2, 7, 13, 17, 12487
What are the prime factors of 48507161?
23, 349, 6043
What are the prime factors of 8797292782?
2, 4398646391
What are the prime factors of 174890722?
2, 87445361
What are the prime factors of 44797805?
5, 13, 17, 71, 571
List the prime factors of 160497563.
347, 462529
List the prime factors of 2800202037.
3, 113, 269, 30707
List the prime factors of 286463597.
7, 23, 41, 43397
What are the prime factors of 5347079058?
2, 3, 163, 953, 5737
List the prime factors of 4311744393.
3, 11, 130658921
List the prime factors of 2513804633.
19, 10789, 12263
What are the prime factors of 4009717349?
11, 59, 6178301
List the prime factors of 22752603.
3, 569, 1481
List the prime factors of 278573526.
2, 3, 7, 11, 17, 563
List the prime factors of 41954316.
2, 3, 41, 269, 317
What are the prime factors of 814286205?
3, 5, 18095249
What are the prime factors of 146512030?
2, 5, 7, 2093029
What are the prime factors of 134038637?
31, 1847, 2341
List the prime factors of 2760776100.
2, 3, 5, 1307, 2347
What are the prime factors of 9181341919?
11923, 770053
What are the prime factors of 248041693?
271, 915283
List the prime factors of 36213709.
7, 5173387
List the prime factors of 422623802.
2, 19, 53, 223, 941
What are the prime factors of 1024016972?
2, 11, 97, 239929
What are the prime factors of 690042021?
3, 23, 10000609
List the prime factors of 2225682626.
2, 1112841313
What are the prime factors of 18428178?
2, 3, 59, 52057
What are the prime factors of 150213564?
2, 3, 17, 71, 3457
List the prime factors of 468467579.
2477, 189127
List the prime factors of 56235655.
5, 7, 1606733
What are the prime factors of 1360615936?
2, 173, 15361
List the prime factors of 560336060.
2, 5, 28016803
List the prime factors of 3000025438.
2, 5107, 293717
What are the prime factors of 10809541?
103, 104947
List the prime factors of 1057367385.
3, 5, 19, 23, 17923
List the prime factors of 284545555.
5, 7, 8129873
List the prime factors of 175580653.
19, 43, 11311
What are the prime factors of 21712490?
2, 5, 2171249
List the prime factors of 1472059750.
2, 5, 7, 17, 49481
What are the prime factors of 169076451?
3, 56358817
List the prime factors of 16231318.
2, 8115659
List the prime factors of 30048551.
13, 37, 179, 349
What are the prime factors of 613986504?
2, 3, 25582771
What are the prime factors of 184034187?
3, 47, 48341
What are the prime factors of 42287405?
5, 8457481
List the prime factors of 95381459.
401, 237859
What are the prime factors of 5092621957?
8081, 630197
What are the prime factors of 1680867?
3, 186763
List the prime factors of 109525185.
3, 5, 7, 11, 73, 433
What are the prime factors of 2729969342?
2, 1364984671
What are the prime factors of 4618155856?
2, 83, 3477527
What are the prime factors of 49594330?
2, 5, 1033, 4801
List the prime factors of 945816090.
2, 3, 5, 613, 51431
List the prime factors of 14906067.
3, 11, 451699
What are the prime factors of 1892222360?
2, 5, 7, 6757937
List the prime factors of 472024200.
2, 3, 5, 786707
List the prime factors of 46080941.
107, 430663
What are the prime factors of 20785216?
2, 79, 4111
List the prime factors of 683958917.
2381, 287257
List the prime factors of 51089654.
2, 7, 11, 83, 571
What are the prime factors of 112821889?
569, 198281
List the prime factors of 484506507.
3, 161502169
What are the prime factors of 2938094?
2, 1469047
List the prime factors of 10204149.
3, 3401383
List the prime factors of 74353066.
2, 23, 31, 2267
What are the prime factors of 242348333?
242348333
List the prime factors of 156103030.
2, 5, 409, 38167
List the prime factors of 5485629.
3, 1828543
What are the prime factors of 2350274?
2, 353, 3329
List the prime factors of 921619725.
3, 5, 13, 17, 55603
What are the prime factors of 5608603928?
2, 701075491
What are the prime factors of 5964926918?
2, 17, 19, 2543, 3631
What are the prime factors of 430405132?
2, 47, 83, 27583
What are the prime factors of 1701507148?
2, 11, 38670617
What are the prime factors of 85360767?
3, 28453589
What are the prime factors of 3012556551?
3, 1004185517
What are the prime factors of 45037562?
2, 19, 47, 151, 167
What are the prime factors of 117923373?
3, 17, 770741
List the prime factors of 88974891.
3, 19, 59, 8819
What are the prime factors of 4841169924?
2, 3, 403430827
What are the prime factors of 7855248227?
47, 167132941
List the prime factors of 302292671.
302292671
List the prime factors of 2234855601.
3, 11, 19, 108011
What are the prime factors of 62453759?
43, 1452413
What are the prime factors of 3583013076?
2, 3, 1861, 17827
List the prime factors of 6225207222.
2, 3, 13, 29, 2752081
List the prime factors of 6665592370.
2, 5, 666559237
List the prime factors of 1615525191.
3, 7, 37, 693061
What are the prime factors of 6469440?
2, 3, 5, 23, 293
